{"id":517,"date":"2025-09-14T16:38:30","date_gmt":"2025-09-14T16:38:30","guid":{"rendered":"https:\/\/chansondebudapest.hu\/?page_id=517"},"modified":"2025-09-14T18:52:23","modified_gmt":"2025-09-14T18:52:23","slug":"az-odon-sztori-es-a-zenekar","status":"publish","type":"page","link":"https:\/\/chansondebudapest.hu\/index.php\/chanson-de-budapest-weboldal-fooldal\/az-odon-sztori-es-a-zenekar\/","title":{"rendered":"\u00d6d\u00f6n \u00e9s a kezdetek"},"content":{"rendered":"<p>[et_pb_section fb_built=&#8221;1&#8243; _builder_version=&#8221;4.27.4&#8243; _module_preset=&#8221;default&#8221; global_colors_info=&#8221;{}&#8221;][et_pb_row _builder_version=&#8221;4.27.4&#8243; _module_preset=&#8221;default&#8221; global_colors_info=&#8221;{}&#8221;][et_pb_column type=&#8221;4_4&#8243; _builder_version=&#8221;4.27.4&#8243; _module_preset=&#8221;default&#8221; global_colors_info=&#8221;{}&#8221;][et_pb_text _builder_version=&#8221;4.27.4&#8243; _module_preset=&#8221;default&#8221; hover_enabled=&#8221;0&#8243; global_colors_info=&#8221;{}&#8221; text_font_size=&#8221;16px&#8221; sticky_enabled=&#8221;0&#8243;]<\/p>\n<h1>\u00d6d\u00f6n \u00e9s a kezdetek<\/h1>\n<p>D\u00e9dnagyap\u00e1m, Makfy \u00d6d\u00f6n igaz\u00e1n j\u00f3k\u00e9p\u0171 f\u00e9rfi volt, becs\u00fcletes, de n\u00e9melykor cs\u00e9lcsap. Egy nagypolg\u00e1ri csal\u00e1d legkisebb gyermekek\u00e9nt az 1920-as \u00e9vek aranykor\u00e1ban a jogi egyetem elv\u00e9gz\u00e9se ut\u00e1n egy magyar kisv\u00e1rosban, Nagykanizs\u00e1n \u00e9lt \u00e9s dolgozott.<br \/>Gyermekkor\u00e1ban a szigor\u00fa, de j\u00f3sz\u00edv\u0171 sv\u00e1b nevel\u0151n\u0151j\u00e9t\u0151l megtanult zongor\u00e1zni, \u00edgy b\u00e1rmikor be tudott ugrani egy-egy szalonkoncerten, ha hi\u00e1nyzott a k\u00eds\u00e9r\u0151. \u00c1m a sz\u00edve mindig az \u00e9nekl\u00e9shez h\u00fazta: hangja tele volt \u00e9rzelemmel, \u00e9s amikor dalra fakadt, a legkem\u00e9nyebb sz\u00edvek is megl\u00e1gyultak.<\/p>\n<p>[\/et_pb_text][\/et_pb_column][\/et_pb_row][et_pb_row column_structure=&#8221;1_2,1_2&#8243; make_equal=&#8221;on&#8221; _builder_version=&#8221;4.16&#8243; custom_css_main_element=&#8221;align-items: center;&#8221; global_colors_info=&#8221;{}&#8221;][et_pb_column type=&#8221;1_2&#8243; _builder_version=&#8221;4.16&#8243; global_colors_info=&#8221;{}&#8221;][et_pb_text disabled_on=&#8221;on|on|on&#8221; _builder_version=&#8221;4.16&#8243; text_orientation=&#8221;center&#8221; disabled=&#8221;on&#8221; global_colors_info=&#8221;{}&#8221;]<\/p>\n<h2>Wet Shave<\/h2>\n<p>[\/et_pb_text][et_pb_divider disabled_on=&#8221;on|on|on&#8221; _builder_version=&#8221;4.16&#8243; width=&#8221;50%&#8221; module_alignment=&#8221;center&#8221; custom_margin=&#8221;||10px||false|false&#8221; disabled=&#8221;on&#8221; global_colors_info=&#8221;{}&#8221;][\/et_pb_divider][et_pb_text _builder_version=&#8221;4.27.4&#8243; text_font_size=&#8221;16px&#8221; text_orientation=&#8221;center&#8221; global_colors_info=&#8221;{}&#8221;]<\/p>\n<p style=\"text-align: left;\">B\u00e1r szerette a munk\u00e1j\u00e1t, a v\u00e1rost \u00e9s a bar\u00e1tait, \u00e9s a tizen\u00f6t szob\u00e1s h\u00e1z k\u00e9nyelm\u00e9t sem vetette meg, m\u00e9gis \u00fagy \u00e9rezte: h\u00edvja \u0151t a zene \u00e9s a nagybet\u0171s \u00e9let. Hi\u00e1nyoztak a pezsg\u0151 szalonok, a koncertek, a t\u00e1nc, \u00e9s a csinos nagyvil\u00e1gi n\u0151k.<\/p>\n<p style=\"text-align: left;\">\u00dagy d\u00f6nt\u00f6tt, felmegy a nagy Budapestre, hogy belevesse mag\u00e1t a pesti forgatagba. J\u00e1rta a klubokat, a koncerttermeket \u00e9s a f\u00e9ny\u00e1rban \u00fasz\u00f3 polg\u00e1ri szalonokat, ahol az \u00e9nek\u00e9, a t\u00e1nc\u00e9 \u00e9s az ig\u00e9nyes szalonzen\u00e9\u00e9 volt a f\u0151szerep. Olykor persze verte a blattot, lovakra fogadott, \u00e9s nem egyszer a kasz\u00edrn\u0151 bar\u00e1tn\u0151i mentett\u00e9k meg att\u00f3l, hogy a Margit-h\u00edd alatt kelljen aludnia.<\/p>\n<p>[\/et_pb_text][\/et_pb_column][et_pb_column type=&#8221;1_2&#8243; _builder_version=&#8221;4.16&#8243; global_colors_info=&#8221;{}&#8221;][et_pb_image src=&#8221;https:\/\/chansondebudapest.hu\/wp-content\/uploads\/2025\/09\/nagyvilagi-szalon.png&#8221; alt=&#8221;chanson de budapest&#8221; title_text=&#8221;nagyvilagi-szalon&#8221; align=&#8221;center&#8221; _builder_version=&#8221;4.27.4&#8243; animation_style=&#8221;slide&#8221; box_shadow_style=&#8221;preset1&#8243; global_colors_info=&#8221;{}&#8221;][\/et_pb_image][\/et_pb_column][\/et_pb_row][et_pb_row column_structure=&#8221;1_2,1_2&#8243; make_equal=&#8221;on&#8221; _builder_version=&#8221;4.16&#8243; custom_css_main_element=&#8221;align-items: center;&#8221; global_colors_info=&#8221;{}&#8221;][et_pb_column type=&#8221;1_2&#8243; _builder_version=&#8221;4.16&#8243; global_colors_info=&#8221;{}&#8221;][et_pb_image src=&#8221;https:\/\/chansondebudapest.hu\/wp-content\/uploads\/2025\/09\/makfy-odon.png&#8221; alt=&#8221;Chanson de Budapest &#8211; Makfy \u00d6d\u00f6n &#8221; title_text=&#8221;Chanson de Budapest &#8211; Makfy \u00d6d\u00f6n &#8221; align=&#8221;center&#8221; _builder_version=&#8221;4.27.4&#8243; animation_style=&#8221;slide&#8221; box_shadow_style=&#8221;preset1&#8243; global_colors_info=&#8221;{}&#8221;][\/et_pb_image][\/et_pb_column][et_pb_column type=&#8221;1_2&#8243; _builder_version=&#8221;4.16&#8243; global_colors_info=&#8221;{}&#8221;][et_pb_text disabled_on=&#8221;on|on|on&#8221; _builder_version=&#8221;4.16&#8243; text_orientation=&#8221;center&#8221; disabled=&#8221;on&#8221; global_colors_info=&#8221;{}&#8221;]<\/p>\n<h2>Beard Trim<\/h2>\n<p>[\/et_pb_text][et_pb_divider disabled_on=&#8221;on|on|on&#8221; _builder_version=&#8221;4.16&#8243; width=&#8221;50%&#8221; module_alignment=&#8221;center&#8221; custom_margin=&#8221;||10px||false|false&#8221; disabled=&#8221;on&#8221; global_colors_info=&#8221;{}&#8221;][\/et_pb_divider][et_pb_text _builder_version=&#8221;4.27.4&#8243; text_font_size=&#8221;16px&#8221; text_orientation=&#8221;center&#8221; global_colors_info=&#8221;{}&#8221;]<\/p>\n<p style=\"text-align: right;\">De \u00fajra \u00e9s \u00fajra talpra \u00e1llt. Egyszer a New York K\u00e1v\u00e9h\u00e1z f\u00fcst\u00f6s zongor\u00e1ja mellett ragadtatta el mag\u00e1t hajnalig, m\u00e1skor a Dunakorz\u00f3 sz\u00e1llod\u00e1inak b\u00e1ltermeiben \u00e9nekelte dalait. K\u00e9s\u0151bb pedig elindult a vil\u00e1got jelent\u0151 sz\u00ednpadok fel\u00e9: New Yorkt\u00f3l P\u00e1rizsig, Londont\u00f3l Berlinig vitt\u00e9k dalai, \u00e9s ahol megjelent, ott a zene mosolyt csalt az arcokra, boldogs\u00e1got hozott az emberek sz\u00edv\u00e9be.<\/p>\n<p style=\"text-align: right;\">Egy p\u00e1rizsi \u00e9jszak\u00e1n \u00e1ll\u00edt\u00f3lag beugrott a Le Boeuf sur le Toit kabar\u00e9ba, ahol el\u0151sz\u00f6r Django Reinhardt pengette a git\u00e1rj\u00e1t, majd a k\u00f6z\u00f6ns\u00e9g tombolt, amikor \u00d6d\u00f6n felpattant a zongora tetej\u00e9re, \u00e9s el\u00e9nekelt egy francia sanzont. Darius Milhaud levelet \u00edrt neki az eset ut\u00e1n, amelyben k\u00e9rte, \u00e9nekelje el a dalait. Sajnos a levelet a garnisz\u00e1ll\u00f3 port\u00e1sa elkeverte, \u00edgy egy h\u00e9t m\u00falva m\u00e1r Berlinben egy alkalmi heged\u0171s mellett \u00e1llt sz\u00ednpadra, aki k\u00e9s\u0151bb vil\u00e1gh\u00edr\u0171 lett. New Yorkban pedig azt mes\u00e9lt\u00e9k, hogy egyik \u00e9jszaka ugyanazon a sz\u00ednpadon l\u00e9pett fel, ahol el\u0151tte Duke Ellington j\u00e1tszott.<\/p>\n<p>[\/et_pb_text][\/et_pb_column][\/et_pb_row][et_pb_row column_structure=&#8221;1_2,1_2&#8243; make_equal=&#8221;on&#8221; _builder_version=&#8221;4.16&#8243; custom_css_main_element=&#8221;align-items: center;&#8221; global_colors_info=&#8221;{}&#8221;][et_pb_column type=&#8221;1_2&#8243; _builder_version=&#8221;4.16&#8243; global_colors_info=&#8221;{}&#8221;][et_pb_text disabled_on=&#8221;on|on|on&#8221; _builder_version=&#8221;4.27.4&#8243; text_orientation=&#8221;center&#8221; disabled=&#8221;on&#8221; global_colors_info=&#8221;{}&#8221;]<\/p>\n<h2>Wet Shave<\/h2>\n<p>[\/et_pb_text][et_pb_divider disabled_on=&#8221;on|on|on&#8221; _builder_version=&#8221;4.27.4&#8243; width=&#8221;50%&#8221; module_alignment=&#8221;center&#8221; custom_margin=&#8221;||10px||false|false&#8221; disabled=&#8221;on&#8221; global_colors_info=&#8221;{}&#8221;][\/et_pb_divider][et_pb_text _builder_version=&#8221;4.27.4&#8243; text_font_size=&#8221;16px&#8221; text_orientation=&#8221;center&#8221; global_colors_info=&#8221;{}&#8221;]<\/p>\n<p style=\"text-align: left;\">A legenda szerint egyszer egy kik\u00f6t\u0151ben, amikor ellopt\u00e1k a kott\u00e1it, egy idegen zen\u00e9sz sietett a seg\u00edts\u00e9g\u00e9re. A d\u00e9dnagyapa soha nem felejtette el ezt a pillanatot, \u00e9s k\u00e9s\u0151bb a megmentett dallamokb\u00f3l sz\u00fcletett meg zenekar\u00e1nak egyik legszebb sz\u00e1ma.<\/p>\n<p>[\/et_pb_text][\/et_pb_column][et_pb_column type=&#8221;1_2&#8243; _builder_version=&#8221;4.16&#8243; global_colors_info=&#8221;{}&#8221;][et_pb_image src=&#8221;https:\/\/chansondebudapest.hu\/wp-content\/uploads\/2025\/09\/odon-a-parketten.png&#8221; title_text=&#8221;\u00d6d\u00f6n-a parketten&#8221; align=&#8221;center&#8221; _builder_version=&#8221;4.27.4&#8243; animation_style=&#8221;slide&#8221; box_shadow_style=&#8221;preset1&#8243; global_colors_info=&#8221;{}&#8221;][\/et_pb_image][\/et_pb_column][\/et_pb_row][et_pb_row _builder_version=&#8221;4.27.4&#8243; _module_preset=&#8221;default&#8221;][et_pb_column _builder_version=&#8221;4.27.4&#8243; _module_preset=&#8221;default&#8221; type=&#8221;4_4&#8243;][et_pb_team_member _builder_version=&#8221;4.27.4&#8243; _module_preset=&#8221;default&#8221; body_text_align=&#8221;right&#8221; body_text_color=&#8221;#8F8F8F&#8221; body_font_size=&#8221;12px&#8221; body_font=&#8221;||on||||||&#8221; hover_enabled=&#8221;0&#8243; sticky_enabled=&#8221;0&#8243;]<\/p>\n<p style=\"text-align: right;\">A t\u00f6rt\u00e9net szerepl\u0151i kital\u00e1lt alakok, mindennem\u0171 egyez\u00e9s\u00fck a val\u00f3s\u00e1ggal csup\u00e1n a v\u00e9letlen m\u0171ve.<\/p>\n<p>[\/et_pb_team_member][\/et_pb_column][\/et_pb_row][\/et_pb_section]<\/p>\n","protected":false},"excerpt":{"rendered":"<p>\u00d6d\u00f6n \u00e9s a kezdetek D\u00e9dnagyap\u00e1m, Makfy \u00d6d\u00f6n igaz\u00e1n j\u00f3k\u00e9p\u0171 f\u00e9rfi volt, becs\u00fcletes, de n\u00e9melykor cs\u00e9lcsap. Egy nagypolg\u00e1ri csal\u00e1d legkisebb gyermekek\u00e9nt az 1920-as \u00e9vek aranykor\u00e1ban a jogi egyetem elv\u00e9gz\u00e9se ut\u00e1n egy magyar kisv\u00e1rosban, Nagykanizs\u00e1n \u00e9lt \u00e9s dolgozott.Gyermekkor\u00e1ban a szigor\u00fa, de j\u00f3sz\u00edv\u0171 sv\u00e1b nevel\u0151n\u0151j\u00e9t\u0151l megtanult zongor\u00e1zni, \u00edgy b\u00e1rmikor be tudott ugrani egy-egy szalonkoncerten, ha hi\u00e1nyzott a k\u00eds\u00e9r\u0151. [&hellip;]<\/p>\n","protected":false},"author":2,"featured_media":0,"parent":420,"menu_order":0,"comment_status":"closed","ping_status":"closed","template":"","meta":{"_et_pb_use_builder":"on","_et_pb_old_content":"","_et_gb_content_width":"","footnotes":""},"class_list":["post-517","page","type-page","status-publish","hentry"],"_links":{"self":[{"href":"https:\/\/chansondebudapest.hu\/index.php\/wp-json\/wp\/v2\/pages\/517","targetHints":{"allow":["GET"]}}],"collection":[{"href":"https:\/\/chansondebudapest.hu\/index.php\/wp-json\/wp\/v2\/pages"}],"about":[{"href":"https:\/\/chansondebudapest.hu\/index.php\/wp-json\/wp\/v2\/types\/page"}],"author":[{"embeddable":true,"href":"https:\/\/chansondebudapest.hu\/index.php\/wp-json\/wp\/v2\/users\/2"}],"replies":[{"embeddable":true,"href":"https:\/\/chansondebudapest.hu\/index.php\/wp-json\/wp\/v2\/comments?post=517"}],"version-history":[{"count":5,"href":"https:\/\/chansondebudapest.hu\/index.php\/wp-json\/wp\/v2\/pages\/517\/revisions"}],"predecessor-version":[{"id":525,"href":"https:\/\/chansondebudapest.hu\/index.php\/wp-json\/wp\/v2\/pages\/517\/revisions\/525"}],"up":[{"embeddable":true,"href":"https:\/\/chansondebudapest.hu\/index.php\/wp-json\/wp\/v2\/pages\/420"}],"wp:attachment":[{"href":"https:\/\/chansondebudapest.hu\/index.php\/wp-json\/wp\/v2\/media?parent=517"}],"curies":[{"name":"wp","href":"https:\/\/api.w.org\/{rel}","templated":true}]}}